r of 15 and d?
3
Let b(y) = 4*y**3 - 1. Let g be b(1). Let c = 0 + g. Let v(l) = 3*l**2 - 3*l - 2. Let w be v(c). Calculate the highest common factor of 8 and w.
8
Suppose 0 = 2*r + 2*f - 12, 2*f - 4 = -r + 6. Calculate the greatest common factor of 2 and r.
2
Suppose 9*c - 5 = 4*c, -13 = -f - 5*c. Calculate the greatest common factor of 24 and f.
8
Suppose v - 106 = -2*r, 5*r - 15 = 3*v - 355. Let w = -6 - -16. What is the highest common factor of w and v?
10
Suppose 6 = 7*w - 8. What is the highest common divisor of 2 and w?
2
Let w(m) = -9*m - 2. Let o be w(-1). Let a(h) = h**3 - 7*h**2 + 4*h - 7. Let x be a(o). Suppose -5*p + 19 = -16. What is the greatest common factor of p and x?
7
Let c(s) = -s**2 - s + 15. Suppose -31 = -4*p + 2*j + j, -5*p + 35 = -3*j. Let z = p + -4. Let t be c(z). Calculate the greatest common divisor of t and 135.
15
Let d be 5 + -6 + 1*7. Let w = d + 10. What is the greatest common divisor of 24 and w?
8
Let g = 2 - -7. Suppose -41 = -3*j + 40. What is the greatest common divisor of g and j?
9
Suppose n - 3*n + 120 = 0. Suppose m + n = 4*m. Suppose 5*p + 2*g = 30, -4 = 3*p - 4*g + 4. Calculate the greatest common factor of p and m.
4
Suppose -2*i - u - 173 = 0, 5*i + 0*u = 2*u - 428. Let f = -32 - i. Calculate the greatest common divisor of 6 and f.
6
Suppose -2*o + 2 = 3*m + 12, -5*o - 47 = 2*m. Let g(h) = h**3 + 11*h**2 + 8. Let x be g(o). What is the greatest common divisor of x and 32?
8
Suppose -5*k = -2*n + 4 + 2, 3*k = 0. Suppose a - n*m + 9 = 4*a, 5*a = -4*m + 16. Calculate the highest common factor of a and 4.
4
Suppose -4*o + 0*o + 24 = 0. Suppose 5*q + 445 = -0*q. Let b = -23 - q. What is the greatest common factor of b and o?
6
Let p = -13 - -15. Suppose -2*f - a = p*f - 23, -f - 4*a = 13. Calculate the highest common factor of 21 and f.
7
Suppose 24 = -4*h + 4, 4 = 3*k + h. Let t = 6 + -5. Let s = k - t. Calculate the highest common factor of s and 1.
1
Let x = 59 + -57. Calculate the highest common factor of x and 6.
2
Suppose j - 22 = -5*o, 0 = 5*o - 2*j - 16 - 0. Suppose c = o*c - 18. Let w be 5/(-15) - (-46)/3. Calculate the highest common factor of c and w.
3
Suppose 1 = 5*w - 4, -74 = -4*c + 2*w. Calculate the highest common factor of c and 133.
19
Let l be (2/(-1))/(-16) + 1080/64. Calculate the greatest common factor of 85 and l.
17
Let r be 3/(-9) + 2979/27. Calculate the highest common factor of r and 22.
22
Suppose m + 4*m + 17 = 4*u, 5*u + 5*m - 10 = 0. Suppose -4*d + 99 = -u*h, 5*d - h - 125 = 4*h. What is the highest common divisor of 216 and d?
24
Let n be (2436/(-24))/((-1)/2). Calculate the greatest common divisor of 29 and n.
29
Suppose 3*f - 925 - 203 = 0. Calculate the highest common factor of 47 and f.
47
Suppose -4*h + 22 = -10. Let u(j) = 20 + j**2 + j + 0*j + 0*j. Let w be u(0). What is the greatest common divisor of h and w?
4
Suppose -13*a = -11*a - 96. What is the highest common factor of 12 and a?
12
Let d = -224 - -364. Let f = 295 - d. Suppose -4*w + 0*j + 125 = -3*j, -5*w + 4*j = -f. What is the highest common divisor of 7 and w?
7
Let s(n) = n**2 - 9*n - 34. Let f be s(-7). What is the greatest common divisor of f and 13?
13
Suppose 0 = y - 9 - 3. What is the highest common divisor of 4 and y?
4
Let o = 285 + -141. Calculate the highest common divisor of o and 8.
8
Let j(b) = -b**2 + 13*b + 23. Let c be j(13). Calculate the greatest common factor of c and 115.
23
Let d = -5 - -6. Let q be d - (2 + 0 + 1). Let p be 0 - (q + (0 - -1)). Calculate the greatest common factor of 7 and p.
1
Suppose -2*t + 129 = -3*k, 4*k + 55 + 197 = 4*t. Calculate the greatest common factor of 15 and t.
15
Let c = -5 + 12. Let w = -3 + c. Suppose y + 3*y + 4*a + w = 0, 3 = 5*y + 3*a. Calculate the greatest common divisor of 12 and y.
3
Suppose -4*d = 4*p, -5*p = -5*d + d + 45. Suppose d*x - 167 - 183 = 0. What is the highest common divisor of x and 28?
14
Suppose -5*w + 1646 = -u, -3*w - 2*u + 1010 = 3*u. What is the highest common divisor of 30 and w?
30
Suppose 2*s = -5*w + 39, 4*s - 6 = 4*w - 6*w. Suppose -5*p - 2*l - 5 = -58, p - 17 = -2*l. Calculate the greatest common divisor of w and p.
9
Suppose 2*h + 5*y = 192, 3*h = -2*h - 2*y + 459. Let z = h + -47. What is the highest common divisor of z and 11?
11
Let j(i) = i**3 - 2*i**2 - 2*i - 1. Let h be j(3). Let m be 1 + 1 + 9/3. What is the greatest common factor of h and m?
1
Let r be (-104)/(-14) + (-6)/14. Calculate the greatest common factor of 49 and r.
7
Suppose 0 = 4*x + 4*o - 24, 19 = 4*x + o - 20. Suppose -5*l - 3*i + 64 = 0, -4*l + 0*i + 35 = -3*i. Calculate the highest common divisor of l and x.
11
Let s be ((-25)/(-4) - 3)*(-28)/(-7). Calculate the highest common divisor of 1 and s.
1
Suppose -4*o + 161 = 3*l - 8, 3*o - 278 = -5*l. Calculate the greatest common divisor of 11 and l.
11
Let s = -25 - -67. Suppose -5*b + s = -43. Let x(c) = -2*c**3 - 4*c**2 - 5*c + 1. Let p be x(-4). What is the highest common divisor of b and p?
17
Let o(x) = x**2 - 3*x - 1. Let p be o(4). Suppose -p*a + 5 = -4. Suppose -2*f + 32 = -4*h, f - a*f - 4*h = 8. What is the greatest common factor of f and 15?
3
Suppose 2*n + 192 = 6*n. Let t be (7/(-2) + -1)*(-104)/39. Calculate the highest common divisor of t and n.
12
Let f(t) = -6*t - 46. Let b be f(-9). What is the highest common divisor of 16 and b?
8
Let t(x) = 35*x - 9. Let m = 22 - 19. Let p be t(m). Calculate the greatest common factor of p and 12.
12
Suppose 3 = 5*w - 22. Suppose w*f = 2*f + 27. Calculate the greatest common factor of 81 and f.
9
Let c(i) = i**2 + 3*i + 1. Let b be c(-7). Suppose 226 = -5*y + 1531. What is the highest common factor of b and y?
29
Let y(c) = -15*c - 5. Let f be y(-13). What is the greatest common factor of f and 76?
38
Suppose -61 = o - 3*o + 3*z, 5*z = 4*o - 117. Suppose -552 = -j - 5*j. Calculate the highest common divisor of o and j.
23
Let j be (2*-1)/(5/(-10)). Let x be -5*((-252)/15 - 0). Suppose 4*v = -p - 4*p + x, 1 = v. Calculate the highest common divisor of p and j.
4
Let p = 4 + 3. Let h(d) = -3 + 2*d + p + d**3 - 3*d**2 + 0*d. Let w be h(5). What is the greatest common divisor of w and 16?
16
Let t = 10 - 0. Suppose 5*r = -3*a + 42, -5*a - r = -3*r - 101. Suppose a = -5*x + 219. What is the highest common divisor of t and x?
10
Let d = -135 + 205. Suppose 5*w + u = -121, -3*u - 3 = -0*u. Let v = -14 - w. What is the greatest common factor of d and v?
10
Suppose 114*s - 110*s = 100. Calculate the greatest common divisor of 5 and s.
5
Suppose 0 = -3*q - 2*c - 11 + 49, -12 = -q - c. Let z = -135 - -205. Calculate the greatest common factor of q and z.
14
Let y = 37 - 25. Let k be ((-198)/55)/(1/(-30)). Calculate the greatest common divisor of k and y.
12
Let j(n) = 2 - 8*n + 8*n**2 - n**3 - 1 + 9. Let g be j(7). Suppose z + 3*k = -k + 3, 5*z - g*k = 38. What is the highest common factor of 7 and z?
7
Let x(o) = -6*o**2 - 2*o + 3*o + 0*o - 9*o**2 + 21 - o**3. Let g be x(-15). Calculate the greatest common factor of g and 1.
1
Suppose i + 1 = -4*v - 9, -38 = -3*i + 5*v. Let t = i - 4. Calculate the greatest common divisor of t and 1.
1
Let o be 3*(-2 + 2 - -1). Suppose -o*h - 83 = -5*j, -3*h - 6*j + j - 73 = 0. Let p = -11 - h. What is the greatest common factor of 15 and p?
15
Let p be 4/(-4)*1 - -4. What is the greatest common divisor of 33 and p?
3
Let k be 6/(12/(-5) + 2). Let p = k - -26. Let t be 54 - (-1 + (-1 - -1)). What is the highest common factor of p and t?
11
Let j = 31 - 10. Suppose 7*g = g + 1008. What is the greatest common divisor of j and g?
21
Let p(k) = -k**3 + 9*k**2 - 4*k + 1. Let r be p(8). What is the highest common divisor of 11 and r?
11
Let b = -6 + 3. Let a = b - -14. What is the greatest common divisor of a and 121?
11
Let o = 0 + 0. Let y be (-1)/(o - (-2)/(-6)). What is the greatest common divisor of 1 and y?
1
Suppose -6*g + 12 + 0 = 0. Suppose -4*w + 5*f = -107, -g*w + 3*f + 2*f = -41. Calculate the highest common divisor of 3 and w.
3
Let i(q) = -q + 16. Let k be i(12). Let h be k*((-12)/(-8) - -2). What is the highest common divisor of 7 and h?
7
Suppose 5*i = 5 + 5, 0 = -5*u - 2*i + 504. Calculate the greatest common factor of 20 and u.
20
Suppose -2*m + 5 = -5. Let y = 2 + m. Let o be ((-1)/3)/((-2)/294). Calc